{"id":140,"date":"2021-07-14T08:26:30","date_gmt":"2021-07-14T08:26:30","guid":{"rendered":"https:\/\/www.fundacionfade.org\/mujeresconectadas\/?page_id=140"},"modified":"2026-04-30T07:02:42","modified_gmt":"2026-04-30T07:02:42","slug":"talleres","status":"publish","type":"page","link":"https:\/\/www.fundacionfade.org\/mujeresconectadas\/talleres\/","title":{"rendered":"Talleres"},"content":{"rendered":"<p>[et_pb_section fb_built=\u00bb1&#8243; _builder_version=\u00bb4.16&#8243; _module_preset=\u00bbdefault\u00bb custom_padding=\u00bb||0px|||\u00bb global_colors_info=\u00bb{}\u00bb][et_pb_row _builder_version=\u00bb4.16&#8243; _module_preset=\u00bbdefault\u00bb global_colors_info=\u00bb{}\u00bb][et_pb_column type=\u00bb4_4&#8243; _builder_version=\u00bb4.16&#8243; _module_preset=\u00bbdefault\u00bb global_colors_info=\u00bb{}\u00bb][et_pb_image src=\u00bbhttps:\/\/www.fundacionfade.org\/mujeresconectadas\/wp-content\/uploads\/2021\/07\/cabecera-talleres-2.png\u00bb title_text=\u00bbcabecera-talleres-2&#8243; _builder_version=\u00bb4.16&#8243; _module_preset=\u00bbdefault\u00bb min_height=\u00bb382.3px\u00bb custom_margin=\u00bb||-96px|||\u00bb global_colors_info=\u00bb{}\u00bb][\/et_pb_image][\/et_pb_column][\/et_pb_row][\/et_pb_section][et_pb_section fb_built=\u00bb1&#8243; admin_label=\u00bbAbout\u00bb _builder_version=\u00bb4.16&#8243; _module_preset=\u00bbdefault\u00bb global_colors_info=\u00bb{}\u00bb][et_pb_row column_structure=\u00bb1_2,1_2&#8243; _builder_version=\u00bb4.16&#8243; _module_preset=\u00bbdefault\u00bb width=\u00bb76.9%\u00bb custom_margin=\u00bb|auto||171px||\u00bb custom_padding=\u00bb0px|||||\u00bb global_colors_info=\u00bb{}\u00bb][et_pb_column type=\u00bb1_2&#8243; _builder_version=\u00bb4.16&#8243; _module_preset=\u00bbdefault\u00bb custom_padding=\u00bb||||false|false\u00bb custom_padding_tablet=\u00bb0vw||5vw||false|false\u00bb custom_padding_phone=\u00bb\u00bb custom_padding_last_edited=\u00bbon|desktop\u00bb global_colors_info=\u00bb{}\u00bb][et_pb_text admin_label=\u00bbTexto\u00bb _builder_version=\u00bb4.16&#8243; _module_preset=\u00bbd5dbb5d4-7ec7-4306-b6c5-1435f277faf4&#8243; text_font=\u00bbLato||||||||\u00bb header_font=\u00bbCandal||||||||\u00bb header_text_color=\u00bb#000000&#8243; header_font_size=\u00bb60px\u00bb header_line_height=\u00bb1.2em\u00bb custom_margin=\u00bb||16px||false|false\u00bb header_font_size_tablet=\u00bb36px\u00bb header_font_size_phone=\u00bb24px\u00bb header_font_size_last_edited=\u00bbon|phone\u00bb locked=\u00bboff\u00bb global_colors_info=\u00bb{}\u00bb]<\/p>\n<h2>PR\u00d3XIMOS TALLERES FORMATIVOS<\/h2>\n<p>[\/et_pb_text][et_pb_button button_url=\u00bbhttps:\/\/fundacionfade.org\/wp-content\/uploads\/2026\/02\/2026-talleres-APORTA-FADE-1.png\u00bb url_new_window=\u00bbon\u00bb button_text=\u00bbFOLLETO\u00bb button_alignment=\u00bbcenter\u00bb disabled_on=\u00bbon|on|off\u00bb _builder_version=\u00bb4.27.5&#8243; _module_preset=\u00bbdefault\u00bb custom_button=\u00bbon\u00bb button_text_size=\u00bb20px\u00bb button_text_color=\u00bb#FFFFFF\u00bb button_bg_color=\u00bb#e5057f\u00bb button_border_width=\u00bb0px\u00bb button_border_radius=\u00bb0px\u00bb button_font=\u00bbLato||||||||\u00bb background_layout=\u00bbdark\u00bb custom_margin=\u00bb||||false|false\u00bb custom_padding=\u00bb|100px||100px|false|true\u00bb global_colors_info=\u00bb{}\u00bb][\/et_pb_button][et_pb_text _builder_version=\u00bb4.16&#8243; _module_preset=\u00bb85ec5774-0b51-4075-9641-4e0e2e6ea9dd\u00bb text_font=\u00bbLato|500|||||||\u00bb text_text_color=\u00bbrgba(0,0,0,0.6)\u00bb text_font_size=\u00bb16px\u00bb text_line_height=\u00bb1.8em\u00bb width=\u00bb100%\u00bb custom_padding=\u00bb|||1px||\u00bb text_font_size_tablet=\u00bb15px\u00bb text_font_size_phone=\u00bb14px\u00bb text_font_size_last_edited=\u00bbon|desktop\u00bb global_colors_info=\u00bb{}\u00bb]<\/p>\n<p><strong style=\"font-size: 16px;\">\u00bfBuscas mejorar tus opciones de encontrar empleo? A trav\u00e9s del proyecto APORTA, en la Fundaci\u00f3n FADE te ofrecemos diferentes talleres formativos dirigidos a mejorar tus posibilidades laborales en el cuidado de personas y del entorno familar. \u00a1Para que no te quedes atr\u00e1s!<\/strong><strong style=\"font-size: 16px;\"><\/strong><\/p>\n<p><strong style=\"font-size: 16px;\"><\/strong><\/p>\n<p><strong><\/strong><\/p>\n<h3><strong>Inscripciones:<\/strong><\/h3>\n<section class=\"elementor-section elementor-top-section elementor-element elementor-element-ecfc633 elementor-section-boxed elementor-section-height-default elementor-section-height-default\" data-id=\"ecfc633\" data-element_type=\"section\" data-settings=\"{&quot;background_background&quot;:&quot;classic&quot;}\">\n<div class=\"elementor-container elementor-column-gap-default\">\n<div class=\"elementor-column elementor-col-100 elementor-top-column elementor-element elementor-element-ac7639b\" data-id=\"ac7639b\" data-element_type=\"column\">\n<div class=\"elementor-widget-wrap elementor-element-populated\">\n<div class=\"elementor-element elementor-element-b13d9f5 elementor-widget elementor-widget-text-editor\" data-id=\"b13d9f5\" data-element_type=\"widget\" data-widget_type=\"text-editor.default\">\n<div class=\"elementor-widget-container\">\n<p>Los talleres son gratuitos y con plazas limitadas. Para asistir, tienes que realizar previamente tu inscripci\u00f3n por tel\u00e9fono, por correo electr\u00f3nico, o a trav\u00e9s del formulario de inscripci\u00f3n de cada curso.<\/p>\n<h1 style=\"font-family: lato;\"><span style=\"color: #e5057f;\"><\/span><\/h1>\n<h1 style=\"font-family: lato;\"><strong><span style=\"color: #e5057f;\">Talleres 2026<\/span><\/strong><\/h1>\n<h3><\/h3>\n<\/div>\n<div class=\"elementor-widget-container\">\n<p>\u00a0<strong style=\"color: #333333; font-size: 22px;\">Jueves 7 de mayo:<\/strong><\/p>\n<h3><span>Orientaci\u00f3n Laboral<\/span><\/h3>\n<h3><span>9:30h &#8211; 14:00h <\/span><\/h3>\n<p><span>Centro de Formaci\u00f3n La Flota &#8211;\u00a0 Fundaci\u00f3n FADE<\/span><br \/><span><\/span><\/p>\n<p><span style=\"text-decoration: underline;\"><a href=\"https:\/\/forms.gle\/MEviBQKdVhTboKxh8\"><span style=\"color: #808080;\"><strong>FORMULARIO DE INSCRIPCI\u00d3N<\/strong><\/span><\/a><\/span><\/p>\n<p><span style=\"color: #808080;\"><strong><a href=\"https:\/\/forms.gle\/MEviBQKdVhTboKxh8\">https:\/\/forms.gle\/MEviBQKdVhTboKxh8<\/a><\/strong><\/span><\/p>\n<p><span style=\"color: #808080;\"><strong><\/strong><\/span><\/p>\n<p><strong style=\"color: #333333; font-size: 22px;\">Jueves 14 y viernes 15 de mayo:<\/strong><\/p>\n<h3><span>Competencias Sociales y Empleabilidad\u00a0<\/span><\/h3>\n<h3><span>9:30h &#8211; 14:00h <\/span><\/h3>\n<p><span>Centro de Formaci\u00f3n La Flota &#8211;\u00a0 Fundaci\u00f3n FADE<\/span><br \/><span><\/span><\/p>\n<p><span style=\"text-decoration: underline;\"><a href=\"https:\/\/forms.gle\/MEviBQKdVhTboKxh8\"><span style=\"color: #808080;\"><strong>FORMULARIO DE INSCRIPCI\u00d3N<\/strong><\/span><\/a><\/span><\/p>\n<p><a href=\"https:\/\/forms.gle\/MEviBQKdVhTboKxh8\">https:\/\/forms.gle\/MEviBQKdVhTboKxh8<\/a><\/p>\n<p><span style=\"text-decoration: underline;\"><span style=\"color: #808080;\"><strong><\/strong><\/span><\/span><\/p>\n<h3><strong>Jueves 21 y viernes 22 de mayo:<\/strong><\/h3>\n<h3><span>Competencias Sociales y Empleabilidad\u00a0<\/span><\/h3>\n<h3><span>9:30h &#8211; 14:00h <\/span><\/h3>\n<p><span>Centro de Formaci\u00f3n La Flota &#8211;\u00a0 Fundaci\u00f3n FADE<\/span><br \/><span><\/span><\/p>\n<p><span style=\"text-decoration: underline;\"><a href=\"https:\/\/forms.gle\/MEviBQKdVhTboKxh8\"><span style=\"color: #808080;\"><strong>FORMULARIO DE INSCRIPCI\u00d3N<\/strong><\/span><\/a><\/span><\/p>\n<p><a href=\"https:\/\/forms.gle\/MEviBQKdVhTboKxh8\">https:\/\/forms.gle\/MEviBQKdVhTboKxh8<\/a><\/p>\n<p>&nbsp;<\/p>\n<p><strong style=\"color: #333333; font-size: 22px;\">Jueves 4 de junio:<\/strong><\/p>\n<h3><span>Orientaci\u00f3n Laboral<\/span><\/h3>\n<h3><span>9:30h &#8211; 14:00h <\/span><\/h3>\n<p><span>Centro de Formaci\u00f3n La Flota &#8211;\u00a0 Fundaci\u00f3n FADE<\/span><br \/><span><\/span><\/p>\n<p><span style=\"text-decoration: underline;\"><a href=\"https:\/\/forms.gle\/MEviBQKdVhTboKxh8\"><span style=\"color: #808080;\"><strong>FORMULARIO DE INSCRIPCI\u00d3N<\/strong><\/span><\/a><\/span><\/p>\n<p><span style=\"color: #808080;\"><strong><a href=\"https:\/\/forms.gle\/MEviBQKdVhTboKxh8\">https:\/\/forms.gle\/MEviBQKdVhTboKxh8<\/a><\/strong><\/span><\/p>\n<p><span style=\"color: #808080;\"><strong><\/strong><\/span><\/p>\n<h3><strong>Lugar de realizaci\u00f3n:<\/strong><\/h3>\n<p><span style=\"color: #808080;\"><strong>Centro de Formaci\u00f3n La Flota,<\/strong><br \/>Carril Ruip\u00e9rez 40, bajo<br \/>30007 La Flota (Murcia)<\/span><\/p>\n<p><span style=\"color: #808080;\"><\/span><\/p>\n<\/div>\n<\/div>\n<\/div>\n<\/div>\n<\/div>\n<\/section>\n<p><span style=\"color: #e60a82;\"><strong><\/strong><\/span><\/p>\n<p><span style=\"color: #808080;\"><strong>Oficina Fundaci\u00f3n FADE,<\/strong><br \/>C\/ Madre de Dios 17, Entlo<br \/>30004 Murcia (Murcia)<\/span><span style=\"color: #e60a82;\"><\/span><\/p>\n<p><span style=\"color: #e60a82;\"><\/span><\/p>\n<p>En <strong>FADE<\/strong>, en el marco del proyecto \u2018<strong>Aportando futuro: mujeres conectada<\/strong>s\u2019, ponemos a tu alcance un ciclo de talleres de alfabetizaci\u00f3n digital b\u00e1sica, de car\u00e1cter pr\u00e1ctico y orientados a la mejora de la empleabilidad e incorporaci\u00f3n laboral.<\/p>\n<p>[\/et_pb_text][\/et_pb_column][et_pb_column type=\u00bb1_2&#8243; _builder_version=\u00bb4.16&#8243; _module_preset=\u00bbdefault\u00bb global_colors_info=\u00bb{}\u00bb][et_pb_image src=\u00bbhttps:\/\/www.fundacionfade.org\/mujeresconectadas\/wp-content\/uploads\/2021\/09\/foto2_2.jpg\u00bb title_text=\u00bbfoto2_2&#8243; _builder_version=\u00bb4.16&#8243; _module_preset=\u00bbdefault\u00bb custom_margin=\u00bb||251px|||\u00bb custom_padding=\u00bb|||0px||\u00bb global_colors_info=\u00bb{}\u00bb][\/et_pb_image][\/et_pb_column][\/et_pb_row][\/et_pb_section]<\/p>\n","protected":false},"excerpt":{"rendered":"<p>PR\u00d3XIMOS TALLERES FORMATIVOS\u00bfBuscas mejorar tus opciones de encontrar empleo? A trav\u00e9s del proyecto APORTA, en la Fundaci\u00f3n FADE te ofrecemos diferentes talleres formativos dirigidos a mejorar tus posibilidades laborales en el cuidado de personas y del entorno familar. \u00a1Para que no te quedes atr\u00e1s! Inscripciones: Los talleres son gratuitos y con plazas limitadas. Para asistir, [&hellip;]<\/p>\n","protected":false},"author":1,"featured_media":0,"parent":0,"menu_order":0,"comment_status":"closed","ping_status":"closed","template":"","meta":{"_et_pb_use_builder":"on","_et_pb_old_content":"","_et_gb_content_width":"","footnotes":""},"class_list":["post-140","page","type-page","status-publish","hentry"],"_links":{"self":[{"href":"https:\/\/www.fundacionfade.org\/mujeresconectadas\/wp-json\/wp\/v2\/pages\/140","targetHints":{"allow":["GET"]}}],"collection":[{"href":"https:\/\/www.fundacionfade.org\/mujeresconectadas\/wp-json\/wp\/v2\/pages"}],"about":[{"href":"https:\/\/www.fundacionfade.org\/mujeresconectadas\/wp-json\/wp\/v2\/types\/page"}],"author":[{"embeddable":true,"href":"https:\/\/www.fundacionfade.org\/mujeresconectadas\/wp-json\/wp\/v2\/users\/1"}],"replies":[{"embeddable":true,"href":"https:\/\/www.fundacionfade.org\/mujeresconectadas\/wp-json\/wp\/v2\/comments?post=140"}],"version-history":[{"count":87,"href":"https:\/\/www.fundacionfade.org\/mujeresconectadas\/wp-json\/wp\/v2\/pages\/140\/revisions"}],"predecessor-version":[{"id":954,"href":"https:\/\/www.fundacionfade.org\/mujeresconectadas\/wp-json\/wp\/v2\/pages\/140\/revisions\/954"}],"wp:attachment":[{"href":"https:\/\/www.fundacionfade.org\/mujeresconectadas\/wp-json\/wp\/v2\/media?parent=140"}],"curies":[{"name":"wp","href":"https:\/\/api.w.org\/{rel}","templated":true}]}}